
What are the prime factors of (((-30)/8)/(-5))/((-52)/(-66144))?
2, 3, 53
Suppose 31*c - 193*c = -528 - 120. Let g(x) = -x**3 + 3*x + 2. Let s be g(-2). Suppose -s*m + 185 = m + y, -3*y = c*m - 159. What are the prime factors of m?
2, 3
Let l be (-25)/(-20)*4*2/5. Suppose 0 = -2*w + l, 2*w - 1936 = 25*o - 27*o. What are the prime factors of o?
967
Let p(t) = -9 - t**2 + 3 - 6 - 2*t + 28*t. Let h be p(20). Let r = h - 84. What are the prime factors of r?
2, 3
Let g = -86 + 88. Suppose -4*n + g*m + 284 = -0*n, 4*n = -4*m + 272. What are the prime factors of n?
2, 5, 7
Let d(v) = -41*v + 221. Let l(x) = x**2 + 23*x + 9. Let o be l(-22). What are the prime factors of d(o)?
2, 13, 29
Let x = -98 + 98. Suppose 80 = 5*k - 2*d, -4*k - 5*d + 35 + 29 = x. Suppose 4*i = k*i - 252. What are the prime factors of i?
3, 7
Let q(z) = 1568*z**2 - 10*z + 9. Let c be (4 - 2/(-4)*0) + -3. List the prime factors of q(c).
1567
Suppose 224 = -3*h + 4*h - 4*g, 5*g = 15. Let f = 241 - h. What are the prime factors of f?
5
Let y be 3/((8/2)/4). Suppose 8*f + n - 1077 = 4*f, y*n = f - 253. What are the prime factors of f?
2, 67
List the prime factors of 199/2*116 - 12.
2, 5, 1153
Suppose 0 = -4*z - 3*l + 152, 47*l - 46*l = -2*z + 78. Let i = z + 2012. List the prime factors of i.
2053
Let o(f) = 43*f**3 + 4*f**2 + 21*f - 70. What are the prime factors of o(4)?
2, 5, 283
Suppose 45 = -3*v + 18*v. Suppose m - t - 386 = 0, 2*m + 0*m + v*t - 787 = 0. List the prime factors of m.
389
Let x(m) = 13*m**2 - 5*m + 5. Let w be x(2). Suppose -w*i = -56*i + 882. What are the prime factors of i?
2, 7
Let y(w) be the third derivative of -209*w**6/40 + w**5/10 - w**4/12 - w**3/2 - 100*w**2 + 2. List the prime factors of y(-1).
2, 79
Let b(p) = 9*p**2. Let x be b(-1). Let y(t) be the second derivative of t**3/3 + 37*t**2/2 + 4*t + 176. List the prime factors of y(x).
5, 11
Suppose -a + 2*a = -4*i + 35, 4*a - 92 = -4*i. Suppose 27*s - 3376 = a*s. What are the prime factors of s?
2, 211
Suppose -223796 = -53*g - 31565. List the prime factors of g.
3, 13, 31
List the prime factors of (41/(-4))/1*(-1331 + (17 - 50)).
11, 31, 41
Let b be (2932/6)/((-14)/(-84)). Suppose 4*z + 3355 + b = 5*o, -3*z + 6301 = 5*o. List the prime factors of o.
1259
Let v be (-5 - (-2 - 2)) + 1892/(-4). What are the prime factors of (16/6)/((20/v)/(-5))?
2, 79
Suppose 0 = -283*y + 213*y + 4219600. What are the prime factors of y?
2, 5, 11, 137
Let u(d) = 6*d**3 - 4*d**2 - 9*d + 7. Let p be u(4). Suppose -197 = 5*i + 283. Let k = p + i. What are the prime factors of k?
3, 5, 13
Let q = -70 - -123. Let z = q - 53. Suppose -v + 0*x + 92 = -2*x, x = z. List the prime factors of v.
2, 23
Suppose 536 = 3*s + 233. Let q = 433 + s. List the prime factors of q.
2, 3, 89
Let m(o) be the first derivative of o**4/4 + 10*o**3/3 + 11*o**2/2 + 18*o + 13. Let q be m(-9). What are the prime factors of (21/(-6) - -3 - q)*-50?
5
Suppose -v + 21 = -3*v + 5*r, -4*v + 33 = 5*r. Suppose -v*a - 4*x + 1102 = 0, -a - x + 272 = -281. What are the prime factors of a?
3, 5, 37
Let m = 207 - 203. Suppose 24*h = 21*h - a + 3053, m*a - 5079 = -5*h. List the prime factors of h.
1019
Suppose 33*z - 24 = 31*z. Let b be (0 + 4/z)*(-3 - -15). What are the prime factors of b/22 - 3591/(-33)?
109
Suppose -5*j + 10922 = -2*k - 20682, 0 = 5*j - k - 31607. List the prime factors of j.
2, 29, 109
Let i(s) = -s**3 - 3*s**2 - 2*s. Let p be i(-1). Suppose 3*v = -p*v - 3*n - 177, -4*n + 198 = -3*v. Let g = v + 120. List the prime factors of g.
2, 29
List the prime factors of 3/(-9) + (-3855290)/(-285).
3, 167
Let f = -15644 + 84568. What are the prime factors of f?
2, 17231
List the prime factors of (-13)/(13/(-7)) - -61867.
2, 30937
Let j be (-132)/(-16) - 15/60. Suppose j*o + 4500 = 14*o. List the prime factors of o.
2, 3, 5
Let i be (-6)/4*(-88)/(-66). What are the prime factors of ((-256)/(-24))/(i/(-3))?
2
Let m(p) = p**3 + 6*p**2 - 13*p + 177. List the prime factors of m(20).
3, 19, 181
Suppose 5*s = w + 186, -3*w + 5*s = 98 + 440. List the prime factors of (-5134)/(-6) + w/(-132).
857
Let p be 8/28 - (-1460)/(-14). Let z be (-432 - -8)/(1 + -3). Let w = p + z. List the prime factors of w.
2, 3
What are the prime factors of 12/(-18)*8/((-32)/93618)?
3, 7, 743
Let z be (-12)/(-9) + (-67000)/(-24). Suppose -6*j = -435 - z. What are the prime factors of j?
2, 269
Let s = -36606 - -85098. List the prime factors of (s/(-72))/((-6)/8).
2, 449
Suppose -2868541 = -166*l + 1312003. What are the prime factors of l?
2, 787
Suppose -1841 - 894 - 1693 = -3*p. List the prime factors of p.
2, 3, 41
Let o = -36783 + 43772. What are the prime factors of o?
29, 241
Let o(h) = 204*h**2 + 15*h + 37. What are the prime factors of o(-5)?
2, 2531
Let c(t) = t**3 - 58*t**2 + 42*t - 153. List the prime factors of c(61).
2, 3, 13, 29
Suppose 14*d + 4*m + 13271 = 17*d, 4*m - 4 = 0. List the prime factors of d.
3, 5, 59
Suppose -3*b + 35202 + 55089 = -15171. What are the prime factors of b?
2, 3, 7, 31
Suppose 35*r - 45019 - 19943 = -4622. What are the prime factors of r?
2, 431
Suppose -14*h = -13*h - 92. List the prime factors of h*(0 + 6/4).
2, 3, 23
Suppose -50*c - 20 = -45*c. Suppose 4800 = z - 9*z. What are the prime factors of (c/(-5))/((-4)/z)?
2, 3, 5
Suppose -9*x = -3*x + 6642. Let c = -555 - x. List the prime factors of c.
2, 3, 23
Let v(o) = 63*o**2 - 3*o - 1. Suppose -68 = -2*a + 5*t, -3*a + 34 = -2*a + t. Suppose 0 = k + a - 33. What are the prime factors of v(k)?
5, 13
Suppose 4*l = 4*c + 1728, -5*c + 257 = -3*l + 1549. Suppose -4788 = -7*y - l. What are the prime factors of y?
2, 311
Let w = -13517 - -14539. List the prime factors of w.
2, 7, 73
What are the prime factors of ((-4)/54 - 5985/1215) + 6979?
2, 11, 317
Let k(c) = -c**2 - 17*c + 9. Let v be k(-17). Let s be 2*1/(-6)*v. List the prime factors of s - (-250)/(-5)*-1.
47
What are the prime factors of 0 - (0 + 4)/((-32)/24)?
3
Suppose 0 = 11*i - 1052 - 631. Suppose -i - 90 = -3*z. What are the prime factors of z?
3
Suppose 3*d + 3*c = 3960, 18*d = 13*d + 5*c + 6650. What are the prime factors of d?
5, 53
Let p be (10/6)/((-5)/(-15)). Let o be (p + -2)/((-6)/8). List the prime factors of 37 - 2/(o/6).
2, 5
Let v = 180 + -69. Let f be (2/6)/(4 - v/27). Let r(h) = -46*h - 4. List the prime factors of r(f).
2, 67
Let o = 23455 - 11533. List the prime factors of o.
2, 3, 1987
Let i(v) = -603*v + 4282. What are the prime factors of i(-82)?
2, 23, 73
Let r(b) = 50*b**2 - 12*b + 104. Let x be r(10). Suppose 22*w - 30*w + x = 0. List the prime factors of w.
7, 89
Let i(h) = 18*h**3 - 13*h**2 - 18*h + 175. What are the prime factors of i(11)?
2, 3, 3727
Let q be (-11 - -8 - -9) + 2848. Suppose -q - 426 = -16*b. What are the prime factors of b?
5, 41
Let o(x) = 52*x + 11. Let z = 153 + -152. List the prime factors of o(z).
3, 7
Suppose -13*b = -19035 - 163498. What are the prime factors of b?
19, 739
Let u(g) = -225*g - 3. Let r be u(-1). Suppose 21*y = 24*y - r. List the prime factors of y - 1/((-4)/(-16)).
2, 5, 7
Suppose u - 16 - 4 = -2*k, -5*u - k = -145. Let r = u + 300. List the prime factors of r.
2, 3, 5, 11
Let x = 114886 - 81667. What are the prime factors of x?
3, 3691
Suppose 3 = 3*w + d - 4, 0 = 3*w + 3*d - 15. Suppose -w = -3*s + 29. What are the prime factors of s/75 - (-2784)/45?
2, 31
List the prime factors of -1 - -3370 - 75/30*-2.
2, 7, 241
Suppose -2*x - 193*v = -194*v - 44272, -3*x = 2*v - 66415. What are the prime factors of x?
3, 47, 157
Suppose 142*t = 562*t - 1237320. List the prime factors of t.
2, 3, 491
Let v(k) = -11*k**2 + 6*k + 39465. What are the prime factors of v(0)?
3, 5, 877
Suppose 3*z - 2*z - f = 110, -6*f = 2*z - 260. Suppose s = -l + z, 3*s = s - l + 227. List the prime factors of s.
2, 7
Suppose 0 = 3*j + 3*o - 32964, -5*j + 4*o - 10175 + 65160 = 0. What are the prime factors of j?
10993
Suppose 45*k - 29*k = -32*k + 497664. What are the prime factors of k?
2, 3
List the prime factors of (-222)/148 + 47*(-33)/(-6).
257
Suppose 8*j + 60 = 14*j. Let y be (28*16/j)/((-2)/(-10)). What are the prime factors of y/2 + (-3 - -2*3)?
5, 23
Let i = 67003 - 46417. List the prime factors of i.
2, 3, 47, 73
List the prime factors of (947/(-2))/((-345)/(-690) - (-25)/(-48)).
2, 3, 947
Lis